False
Is 40 a factor of 1109?
False
Is 8 a factor of 776?
True
Is 1495 a multiple of 13?
True
Does 81 divide 4955?
False
Is 281 a factor of 59291?
True
Is 13 a factor of 247?
True
Does 41 divide 123?
True
Is 18 a factor of 2700?
True
Is 13 a factor of 24793?
False
Is 82 a factor of 1704?
False
Is 418 a multiple of 11?
True
Is 9 a factor of 198?
True
Is 521 a multiple of 75?
False
Is 19 a factor of 2299?
True
Is 36656 a multiple of 40?
False
Does 6 divide 331?
False
Is 122 a factor of 2196?
True
Is 40782 a multiple of 21?
True
Does 11 divide 5588?
True
Is 420 a multiple of 15?
True
Is 496 a multiple of 18?
False
Is 22 a factor of 1223?
False
Is 3953 a multiple of 34?
False
Is 28408 a multiple of 107?
False
Is 1488 a multiple of 48?
True
Is 48 a factor of 7824?
True
Does 31 divide 24924?
True
Does 5 divide 985?
True
Is 49 a multiple of 20?
False
Is 123928 a multiple of 19?
False
Does 31 divide 10912?
True
Does 44 divide 6820?
True
Is 39 a factor of 47619?
True
Does 137 divide 39593?
True
Is 29 a factor of 580?
True
Is 5 a factor of 1765?
True
Is 1599 a multiple of 14?
False
Does 9 divide 8406?
True
Is 1440 a multiple of 24?
True
Is 16507 a multiple of 5?
False
Is 557 a multiple of 9?
False
Is 1035 a multiple of 5?
True
Does 9 divide 238?
False
Does 21 divide 5796?
True
Is 8 a factor of 600?
True
Is 322 a multiple of 46?
True
Is 18 a factor of 3964?
False
Is 4770 a multiple of 45?
True
Does 95 divide 51996?
False
Is 5 a factor of 50?
True
Is 197 a factor of 57130?
True
Is 18050 a multiple of 50?
True
Does 69 divide 16698?
True
Is 13247 a multiple of 7?
False
Is 6 a factor of 38214?
True
Is 127 a multiple of 59?
False
Does 17 divide 204?
True
Does 37 divide 62197?
True
Is 696 a multiple of 24?
True
Is 84 a factor of 8044?
False
Is 481 a multiple of 14?
False
Is 25 a factor of 271?
False
Does 29 divide 276?
False
Is 5 a factor of 778?
False
Is 1683 a multiple of 33?
True
Does 220 divide 103400?
True
Is 43 a multiple of 11?
False
Does 39 divide 858?
True
Is 6 a factor of 3340?
False
Is 119 a factor of 10150?
False
Does 57 divide 11229?
True
Is 30 a factor of 2555?
False
Is 10710 a multiple of 30?
True
Is 753 a multiple of 16?
False
Is 204 a factor of 46104?
True
Is 120 a multiple of 24?
True
Is 25 a factor of 6892?
False
Is 10541 a multiple of 5?
False
Is 39 a factor of 1617?
False
Is 3 a factor of 201?
True
Does 6 divide 47?
False
Is 4 a factor of 24163?
False
Is 10 a factor of 6033?
False
Is 147 a factor of 136152?
False
Is 3 a factor of 746?
False
Is 31 a factor of 13330?
True
Is 9342 a multiple of 54?
True
Is 51120 a multiple of 197?
False
Is 408 even?
True
Is 53 a factor of 1537?
True
Is 10 a factor of 5178?
False
Is 27 a factor of 13009?
False
Is 15 a factor of 596?
False
Is 4 a factor of 785?
False
Does 91 divide 16289?
True
Does 7 divide 175?
True
Does 48 divide 6834?
False
Is 2002 a multiple of 77?
True
Is 527 a multiple of 31?
True
Does 132 divide 23892?
True
Is 3243 a multiple of 23?
True
Does 128 divide 3232?
False
Does 25 divide 314?
False
Is 10 a factor of 5970?
True
Is 28 a factor of 32144?
True
Does 17 divide 153707?
False
Is 136 a multiple of 17?
True
Does 14 divide 2674?
True
Is 203 a multiple of 7?
True
Is 31459 a multiple of 113?
False
Does 6 divide 27444?
True
Is 14 a factor of 4148?
False
Is 1260 a multiple of 18?
True
Is 539 a multiple of 7?
True
Does 19 divide 710?
False
Is 2322 a multiple of 61?
False
Is 132 a multiple of 12?
True
Is 7 a factor of 19460?
True
Does 29 divide 1087?
False
Is 3744 a multiple of 43?
False
Does 56 divide 2744?
True
Is 93 a factor of 8184?
True
Is 28 a factor of 2660?
True
Is 1035 a multiple of 9?
True
Is 300 a multiple of 20?
True
Is 16 a factor of 96?
True
Does 11 divide 4657?
False
Does 16 divide 5320?
False
Is 84 a multiple of 4?
True
Is 14 a factor of 630?
True
Is 23 a factor of 6720?
False
Does 14 divide 210?
True
Is 6 a factor of 6?
True
Is 15708 a multiple of 7?
True
Does 30 divide 4393?
False
Is 78 a factor of 17628?
True
Is 114 a multiple of 18?
False
Is 5423 a multiple of 49?
False
Is 5210 a multiple of 24?
False
Is 46033 a multiple of 178?
False
Does 2 divide 43?
False
Does 25 divide 8415?
False
Does 126 divide 28602?
True
Is 3 a factor of 20945?
False
Is 20 a factor of 2631?
False
Is 55 a factor of 7645?
True
Is 14 a factor of 64?
False
Is 736 a multiple of 44?
False
Does 15 divide 30748?
False
Is 84 a factor of 840?
True
Does 52 divide 2065?
False
Is 7718 a multiple of 5?
False
Is 174 a factor of 10498?
False
Is 7697 a multiple of 147?
False
Is 4 a factor of 13807?
False
Does 101 divide 702?
False
Is 14 a factor of 771?
False
Does 108 divide 11934?
False
Is 71 a factor of 17695?
False
Is 21313 a multiple of 19?
False
Is 59 a factor of 16190?
False
Is 484 a multiple of 26?
False
Does 32 divide 1622?
False
Is 92 a factor of 32936?
True
Is 2 a factor of 121?
False
Does 57 divide 6384?
True
Does 11 divide 12705?
True
Is 27 a factor of 13398?
False
Is 1360 a multiple of 10?
True
Is 559 a multiple of 3?
False
Is 1316 a multiple of 14?
True
Is 6153 a multiple of 21?
True
Does 5 divide 5575?
True
Does 21 divide 886?
False
Does 23 divide 5857?
False
Is 288 a multiple of 8?
True
Is 981 a multiple of 31?
False
Is 57 a multiple of 57?
True
Does 8 divide 22048?
True
Is 78476 a multiple of 92?
True
Is 90 a multiple of 6?
True
Is 693 a multiple of 63?
True
Is 12194 a multiple of 13?
True
Is 1404 a multiple of 18?
True
Does 10 divide 3192?
False
Does 222 divide 62869?
False
Is 50 a factor of 11439?
False
Does 146 divide 4818?
True
Is 532 a factor of 22929?
False
Does 7 divide 574?
True
Does 14 divide 129?
False
Is 11 a factor of 88?
True
Is 32 a factor of 1408?
True
Is 3440 a multiple of 52?
False
Is 3629 a multiple of 7?
False
Is 4192 a multiple of 3?
False
Is 25990 a multiple of 25?
False
Is 96 a factor of 5952?
True
Is 112 a factor of 21104?
False
Is 3 a factor of 219?
True
Is 30 a factor of 13260?
True
Is 1610 a multiple of 23?
True
Is 176 a factor of 19220?
False
Is 52 a factor of 4703?
False
Does 39 divide 7146?
False
Is 22 a factor of 44?
True
Is 44 a factor of 4620?
True
Is 4 a factor of 4708?
True
Is 24010 a multiple of 89?
False
Is 88 a factor of 8712?
True
Is 1624 a multiple of 7?
True
Does 21 divide 25557?
True
Is 15392 a multiple of 146?
False
Is 612 a multiple of 16?
False
Does 24 divide 504?
True
Is 9 a factor of 387?
True
Is 1426 a multiple of 45?
False
Is 1823 a multiple of 106?
False
Does 6 divide 5154?
True
Does 5 divide 9286?
False
Does 242 divide 28556?
True
Is 1747 a multiple of 21?
False
Does 8 divide 17510?
False
Does 15 divide 618?
False
Is 15990 a multiple of 35?
False
Is 293 a factor of 104601?
True
Is 5 a factor of 28180?
True
Does 3 divide 122?
False
Does 99 divide 1089?
True
Is 240 a multiple of 12?
True
Is 3 a factor of 2631?
True
Is 17262 a multiple of 9?
True
Is 702 a multiple of 30?
False
Is 108 a factor of 995?
False
Is 37 a factor of 1147?
True
Does 18 divide 1822?
False
Does 44 divide 459?
False
Is 280 a multiple of 83?
False
Does 14 divide 649?
False
Is 48 a factor of 2375?
False
Does 24 divide 34464?
True
Is 23 a factor of 5336?
True
Does 40 divide 21099?
False
Is 12985 a multiple of 82?
False
Does 3 divide 2928?
True
Does 16 divide 6224?
True
Is 480 a multiple of 8?
True
Is 2686 a multiple of 2?
True
Is 6 a factor of 1506?
True
Is 31 a factor of 732?
False
Is 274 a multiple of 20?
False
Does 52 divide 2912?
True
Is 781 a multiple of 11?
True
Is 2493 a multiple of 4?
False
Is 12 a factor of 29928?
True
Is 49 a factor of 71574?
False
Is 38 a factor of 12839?
False
Is 144 a multiple of 9?
True
Is 105 a factor of 49847?
False
Does 31 divide 344?
False
Is 10 a factor of 1531?
False
Is 1807 a multiple of 13?
True
Is 31 a multiple of 21?
False
Is 96 a multiple of 3?
True
Is 8159 a multiple of 41?
True
Is 424 a multiple of 12?
False
Is 77520 a multiple of 340?
True
Is 5 a factor of 44615?
True
Is 18 a factor of 666?
True
Is 55 a factor of 8927?
False
Is 312 a multiple of 12?
True
Does 243 divide 514?
False
Does 30 divide 8181?
False
Is 35 a factor of 482?
False
Does 14 divide 2779?
False
Is 47 a factor of 5405?
True
Is 765 a multiple of 50?
False
Is 25 a factor of 4363?
False
Does 15 divide 405?
True
Is 1971 a multiple of 27?
True
Is 24330 a multiple of 15?
True
I